{"id":227,"date":"2024-06-26T14:47:06","date_gmt":"2024-06-26T19:47:06","guid":{"rendered":"https:\/\/fundesac.com.co\/?page_id=227"},"modified":"2024-06-26T14:47:38","modified_gmt":"2024-06-26T19:47:38","slug":"registro-dian","status":"publish","type":"page","link":"https:\/\/fundesac.com.co\/index.php\/registro-dian\/","title":{"rendered":"Registro DIAN"},"content":{"rendered":"<div id=\"pl-227\"  class=\"panel-layout\" ><div id=\"pg-227-0\"  class=\"panel-grid panel-no-style\" ><div id=\"pgc-227-0-0\"  class=\"panel-grid-cell panel-grid-cell-empty\" ><\/div><div id=\"pgc-227-0-1\"  class=\"panel-grid-cell panel-grid-cell-mobile-last\" ><div id=\"panel-227-0-1-0\" class=\"so-panel widget widget_text panel-first-child panel-last-child\" data-index=\"0\" >\t\t\t<div class=\"textwidget\"><p><a href=\"https:\/\/drive.google.com\/file\/d\/1bFhhH4TlzG2av3qbskDdp_UXLHxhMfmP\/view?usp=sharing\" target=\"_blank\" rel=\"noreferrer noopener\">ACTUALIZACI\u00d3N DE REGISTRO WEB<\/a><\/p>\n<p><a href=\"https:\/\/drive.google.com\/file\/d\/1WXh8d8wJq4vsIEEG9iV8x4QA-hbWhGaM\/view?usp=sharing\" target=\"_blank\" rel=\"noreferrer noopener\">CERTIFICACI\u00d3N SOBRE REMUNERACI\u00d3N DE DIRECTIVOS<\/a><\/p>\n<p><a href=\"https:\/\/drive.google.com\/file\/d\/1CuaHH1F_tAu-oiniqUnvcoH2NpNB-9Ow\/view?usp=sharing\" target=\"_blank\" rel=\"noreferrer noopener\" aria-label=\"ESTATUTOS FUNDESAC (abre en una nueva pesta\u00f1a)\">ESTATUTOS FUNDESAC<\/a><\/p>\n<p><a href=\"https:\/\/drive.google.com\/file\/d\/1GLHsIOTG3-_WizMkl60lyzyYYyF7eJXZ\/view?usp=sharing\" target=\"_blank\" rel=\"noreferrer noopener\" aria-label=\"CERTIFICADO DE EXISTENCIA Y REPRESENTACI\u00d3N FUNDESAC (abre en una nueva pesta\u00f1a)\">CERTIFICADO DE EXISTENCIA Y REPRESENTACI\u00d3N FUNDESAC<\/a><\/p>\n<p><a href=\"https:\/\/drive.google.com\/file\/d\/1Stixn8M0IuEYqptNZT_HYJ0VJ9VBFOVz\/view?usp=sharing\" target=\"_blank\" rel=\"noreferrer noopener\">ESTADOS FINANCIEROS COMPARATIVOS A DICIEMBRE 2020-2021<\/a><\/p>\n<p><a href=\"https:\/\/drive.google.com\/file\/d\/1-tP7MP3xClSaQjthEnjpF1-CKOwBYXud\/view?usp=sharing\" target=\"_blank\" rel=\"noreferrer noopener\">INFORME DE GESTI\u00d3N FUNDESAC 2021<\/a><\/p>\n<p><a href=\"https:\/\/drive.google.com\/file\/d\/1NtIsmC1QsGXoGk_Q1kwb2uKPLaulls_x\/view?usp=sharing\" target=\"_blank\" rel=\"noreferrer noopener\">DECLARACI\u00d3N DE RENTA FUNDESAC 2020<\/a><\/p>\n<p><a href=\"https:\/\/drive.google.com\/file\/d\/1hCi6qo8GzwT3I-BMbPpnqMxBan2J440W\/view?usp=sharing\" target=\"_blank\" rel=\"noreferrer noopener\">CERTIFICACI\u00d3N DE ANTECEDENTES DE FUNDADORES<\/a><\/p>\n<\/div>\n\t\t<\/div><\/div><div id=\"pgc-227-0-2\"  class=\"panel-grid-cell panel-grid-cell-empty\" ><\/div><\/div><div id=\"pg-227-1\"  class=\"panel-grid panel-no-style\" ><div id=\"pgc-227-1-0\"  class=\"panel-grid-cell panel-grid-cell-empty\" ><\/div><div id=\"pgc-227-1-1\"  class=\"panel-grid-cell panel-grid-cell-empty panel-grid-cell-mobile-last\" ><\/div><div id=\"pgc-227-1-2\"  class=\"panel-grid-cell panel-grid-cell-empty\" ><\/div><\/div><div id=\"pg-227-2\"  class=\"panel-grid panel-no-style\" ><div id=\"pgc-227-2-0\"  class=\"panel-grid-cell panel-grid-cell-empty panel-grid-cell-mobile-last\" ><div class=\"panel-cell-style panel-cell-style-for-227-2-0\" ><\/div><\/div><div id=\"pgc-227-2-1\"  class=\"panel-grid-cell panel-grid-cell-empty\" ><\/div><\/div><div id=\"pg-227-3\"  class=\"panel-grid panel-no-style\" ><div id=\"pgc-227-3-0\"  class=\"panel-grid-cell panel-grid-cell-empty panel-grid-cell-mobile-last\" ><\/div><div id=\"pgc-227-3-1\"  class=\"panel-grid-cell panel-grid-cell-empty\" ><\/div><\/div><\/div>","protected":false},"excerpt":{"rendered":"<p>ACTUALIZACI\u00d3N DE REGISTRO WEB CERTIFICACI\u00d3N SOBRE REMUNERACI\u00d3N DE DIRECTIVOS ESTATUTOS FUNDESAC CERTIFICADO DE EXISTENCIA Y REPRESENTACI\u00d3N FUNDESAC ESTADOS FINANCIEROS COMPARATIVOS A DICIEMBRE 2020-2021 INFORME DE GESTI\u00d3N FUNDESAC 2021 DECLARACI\u00d3N DE RENTA FUNDESAC 2020 CERTIFICACI\u00d3N DE ANTECEDENTES DE FUNDADORES<\/p>\n","protected":false},"author":1,"featured_media":0,"parent":0,"menu_order":0,"comment_status":"closed","ping_status":"closed","template":"","meta":[],"_links":{"self":[{"href":"https:\/\/fundesac.com.co\/index.php\/wp-json\/wp\/v2\/pages\/227"}],"collection":[{"href":"https:\/\/fundesac.com.co\/index.php\/wp-json\/wp\/v2\/pages"}],"about":[{"href":"https:\/\/fundesac.com.co\/index.php\/wp-json\/wp\/v2\/types\/page"}],"author":[{"embeddable":true,"href":"https:\/\/fundesac.com.co\/index.php\/wp-json\/wp\/v2\/users\/1"}],"replies":[{"embeddable":true,"href":"https:\/\/fundesac.com.co\/index.php\/wp-json\/wp\/v2\/comments?post=227"}],"version-history":[{"count":5,"href":"https:\/\/fundesac.com.co\/index.php\/wp-json\/wp\/v2\/pages\/227\/revisions"}],"predecessor-version":[{"id":232,"href":"https:\/\/fundesac.com.co\/index.php\/wp-json\/wp\/v2\/pages\/227\/revisions\/232"}],"wp:attachment":[{"href":"https:\/\/fundesac.com.co\/index.php\/wp-json\/wp\/v2\/media?parent=227"}],"curies":[{"name":"wp","href":"https:\/\/api.w.org\/{rel}","templated":true}]}}